derivative of y**6/360 + y**5/15 - y**4/4 - 41*y**3/6 + 21*y. Let z(q) be the second derivative of t(q). Calculate z(-6).
-18
Let y = -69 + 81. Let i = y + -7. Let z(o) = -o**3 + 5*o**2 + o. Calculate z(i).
5
Suppose 4*o - 6 = -3*x - 0*o, -3*o - 21 = -2*x. Suppose 0 = 9*n - 3*n - 12. Let a(t) = -43*t**3 + 6 - 5*t**n + 44*t**3 - t**2. Give a(x).
6
Let d(k) be the second derivative of -k**3/6 - 5*k. Suppose -45*f + 4*r = -40*f - 42, -4*f = -r - 27. Calculate d(f).
-6
Let h(n) = n**3 - 13*n**2 - n + 10. Suppose 43*v + 6 = 41*v, -4*f - v = -49. Determine h(f).
-3
Let q(v) = v**3 + v**2 - v + 3. Let l(c) = c**3 - 3*c**2 + c - 3. Let y be l(3). Let m be q(y). Let i(x) = -2 - x**3 - 3*x**2 - 2 + 2*x**3. Calculate i(m).
-4
Let x be (-10)/(-3) + 46/69. Suppose s = -3*n, 4*s + 5 = s - x*n. Let a(g) = -g**3 - 3*g**2 - 3. Calculate a(s).
-3
Let z = -10 + 13. Suppose z*w + 4*d = -25, w - 2*d = d + 9. Let g(b) be the third derivative of b**6/120 + b**5/15 + b**4/8 - b**3/6 - 9*b**2. Calculate g(w).
-1
Suppose 36*l + 183 = -141. Let s(j) = -j**2 - 6*j - 11. Give s(l).
-38
Let k(c) be the third derivative of 13*c**5/60 + c**4/24 - c**3/6 - 60*c**2 + 2*c. Calculate k(-2).
49
Let r = -272 + 270. Let q(l) = l + 4. Determine q(r).
2
Let n(h) = 34*h + 648. Let a be n(-19). Let t(o) = -10*o + 2. Calculate t(a).
-18
Suppose n = 1 + 4. Suppose 0 = n*s - 0*s. Let w(j) be the first derivative of -j**2/2 + 8*j - 7. Calculate w(s).
8
Let w(s) be the first derivative of -3*s**2/2 - 20*s + 853. Give w(-4).
-8
Let f(u) = -13*u + 3 - 7 - 3*u**2 + 15*u**2 - 13*u**2 - 5. Give f(-9).
27
Suppose 16 = -g - 0*n - 5*n, -2*g = -3*n - 7. Let v be ((-6)/5)/(4/(-10)). Let s(l) = -5*l**v - 1 - 2*l + 8*l**3 + l**2 - l**2. Determine s(g).
-2
Suppose h = -0*h + 5. Suppose 0 = m - 6*m + h. Let p(u) = -14 - 7 + 22 + 6*u. What is p(m)?
7
Suppose -2*h = 2*d + 4, 6*h - 12 = 3*h. Let r be 9/d*(-24)/(-9). Let k(i) = -i**2 - 3*i - 1. Determine k(r).
-5
Let s(b) = 6*b + 6. Suppose -9*l - 3*j - 1 = -10*l, -5*l + 5*j - 25 = 0. Calculate s(l).
-42
Let c(h) be the third derivative of -h**4/8 - h**3/2 + h**2. Suppose 0 = 9*m + 8*m + 34. Calculate c(m).
3
Let y(z) = -z + 15. Let b(m) = m**2 + m + 3. Let l be b(0). Suppose -l*g + 73 = 4*c + c, 1 = g - 3*c. Let h be y(g). Let u(a) = 3*a + 1. Calculate u(h).
-2
Suppose -47 = -3*k + 2*y, -43 = -5*k - 5*y + 2. Suppose n + 3*m = -k, -3*n + m - 5 = 14. Let o(a) = a**2 + 8*a + 1. Calculate o(n).
-6
Suppose -4*f - 8*r - 45 = -3*r, -5*r = -2*f + 15. Let x(y) = -y**3 - 5*y**2 + y + 3. Calculate x(f).
-2
Let o(d) be the second derivative of d**5/20 + d**4/2 - d**3/6 + 322*d. Calculate o(-5).
30
Let k(d) = -7*d**3 + 2*d**2 - 1. Let q = 23 - 21. Let z = 6 - 4. Suppose w - 4 = c, z = q*c - c + w. What is k(c)?
8
Let l(t) = 1 - 6 - 11*t + 17*t. Let j(z) = 7*z - 6. Let u(r) = -4*j(r) + 5*l(r). Determine u(5).
9
Let y(l) = 19*l + 14. Let o(t) = 20*t + 16. Let b(v) = -6*o(v) + 7*y(v). What is b(-3)?
-37
Let y(g) = 2*g**3 + 14*g**2 + 13*g + 10. Let o be (-17)/1 + (-9)/((-18)/8). Let r(j) = -j**3 - 7*j**2 - 6*j - 5. Let q(c) = o*r(c) - 6*y(c). Give q(-7).
5
Let z(k) = -3*k**2 - k + 1. Let c(v) = -10*v**2 - 4*v + 4. Let n(b) = 2*c(b) - 7*z(b). Let t(r) = 2*r**2 + 129*r - 1494. Let s be t(10). Give n(s).
21
Let u(s) = 34*s - 11. Let v(y) = -4*y - 2*y + 6*y - 9*y + 3. Let i(x) = -6*u(x) - 22*v(x). Calculate i(-1).
6
Let o(a) = -7*a**2 - 10*a + 10. Let x(j) = -10*j**2 - 15*j + 15. Let z(n) = -7*o(n) + 5*x(n). Let r be -20 + -1 + 1 + 0. Let b = 16 + r. Calculate z(b).
9
Let w(r) = -23*r**3 + 2*r**2 - 1. Let a(z) = 90*z**3 + z**2 - 5*z + 3. Let m be a(1). Let k = m + -88. Calculate w(k).
-22
Let o be ((-38)/(-57))/((-2)/(-21)). Let y(l) = 10*l**2 - 8*l - 16. Let j(u) = -3*u**2 + 3*u + 5. Let i(b) = o*j(b) + 2*y(b). Determine i(5).
3
Let v(l) be the third derivative of l**4/24 - 5*l**3/6 - l**2 - 91*l. Give v(2).
-3
Let q(p) = 2*p - 18. Let n be q(6). Let c(m) = -5*m**2 - 12*m - 2. Let z(o) = 4*o**2 + 11*o + 1. Let a(r) = n*z(r) - 5*c(r). Determine a(3).
-5
Let x(t) be the first derivative of 3*t**2 - 18 + 0*t + 1/3*t**3. Give x(-5).
-5
Let i(t) = 5*t**3 + 12*t**2 + 9*t + 19. Let m(n) = -6*n**3 - 15*n**2 - 11*n - 21. Let c(o) = 5*i(o) + 4*m(o). Give c(0).
11
Let z(t) be the third derivative of t**4/4 - t**3 + 1062*t**2. What is z(-7)?
-48
Let c(s) = -121*s + s**2 + 232*s + 11 - 120*s. Determine c(8).
3
Let a(z) be the first derivative of z**3/3 - 5*z**2/2 - 27*z + 11. Let g be a(8). Let v(r) = -r**3 - 3*r**2 - r - 1. What is v(g)?
2
Let p(v) = v**3 - 5*v**2 + 3*v - 5. Let l be (3 + 0)/(33/44). Determine p(l).
-9
Let x(t) = 4*t**2 + 5*t - 2. Let y(a) = -9*a**2 - 11*a + 3. Let g(w) = -5*x(w) - 2*y(w). Let h be (1 + 1)/(11/(-22)). Calculate g(h).
-16
Let t(n) = n + 2. Let j(q) = -2*q - 9. Let r(d) = j(d) + 4*t(d). Calculate r(6).
11
Let z(f) = f**3 - 6*f**2 - 6*f - 5. Let h be z(7). Let w(l) = -h + 8*l - 3 - 9*l + 4. Let g be -4 + (-25)/(-5) + 1. What is w(g)?
-3
Let v(s) = 8*s + 2 - 2*s + 2*s**2 + 2*s**2 - 3. Let j(p) = 11*p**2 + 18*p - 4. Let x(b) = 3*j(b) - 8*v(b). What is x(-6)?
-4
Suppose 4*g - 4 = -7*m + 2*m, 16 = -m - 5*g. Suppose -s + 20 = m*s. Let d(h) be the first derivative of h**2 - h - 1. What is d(s)?
7
Let o be 12 + (-468)/40 - (-39)/(-180). Let b(f) be the third derivative of -3*f**2 + 0*f + o*f**4 + 0 + 0*f**3 - 1/60*f**6 + 1/30*f**5. Calculate b(2).
-4
Suppose -4*p + 1086 = -2*q, -q - 2*q + 275 = p. Let h = 380 + -109. Let y(o) = -2*o + p + o - h. Give y(-1).
2
Suppose -4*c - 15 = -c. Let a(s) = -5*s**2 + 27*s - 4. Let u(q) = 14*q**2 - 77*q + 12. Let p(l) = -17*a(l) - 6*u(l). What is p(c)?
6
Let z(h) be the first derivative of h**3/3 - 7*h**2/2 - 8*h - 577. Calculate z(9).
10
Let w(p) = -p**2 + p - 1. Let n(r) = -15*r**2 - r + 4. Let g be n(-2). Let o = g + 54. What is w(o)?
-1
Let w(v) = v + 13. Let r be w(-3). Let u(z) = 0 + 11 - r - 5*z**2 + 5*z + 4*z**2. Suppose 4*n - 2*n - 8 = 0. Determine u(n).
5
Suppose 0 = 3*g - 4*h + 12 + 2, -4*h + 2 = 3*g. Let j(k) = -4*k - 5. What is j(g)?
3
Suppose a + 5*s - 22 = -4, -s = -4*a + 9. Suppose 5*x = x - a*w + 24, -4*x + w + 8 = 0. Let i(k) = -27*k + 25*k - 2*k**3 + k**3 + x*k**2. Give i(2).
0
Let i(r) = 2*r**2 + 10*r - 11. Suppose -141*n + 143*n + 16 = 0. What is i(n)?
37
Let q be (-20)/6*(-12)/5. Let c(k) = -k - 46. Let a(y) = 2*y + 74. Let l(j) = -3*a(j) - 5*c(j). Calculate l(q).
0
Let t = 1 + -2. Let z(h) be the third derivative of -1/6*h**3 + 0 - 9*h**2 - 1/24*h**4 + 0*h. Determine z(t).
0
Suppose -3*r + 23 = -g + 5*g, g = -2*r + 7. Suppose -a = -3*l, -4*a - g*l = -8*a. Let u(j) = a*j + j**3 - 1 + 6*j**2 + 4*j - 5*j. Determine u(-6).
5
Let b(y) be the second derivative of y**5/20 + y**4/2 + y**3/2 + 3*y**2/2 + 92*y. Let v = -24 + 12. Let w = v + 7. Calculate b(w).
13
Let x(i) be the third derivative of -i**6/120 + i**5/30 + 5*i**4/24 - i**3/6 - 527*i**2. Determine x(4).
-13
Let w(o) be the third derivative of -o**5/60 + 5*o**4/24 - o**3/3 - 52*o**2. Suppose 5*x = 4*x + 4. Calculate w(x).
2
Let o(x) = 2*x + 14. Let m(v) = -15*v - 108. Let s(c) = -m(c) - 7*o(c). Suppose -3*z + 32 = -7*z. Give s(z).
2
Let a(r) = 2*r - 4. Let l(w) = 11*w - 536. Let b be l(49). Give a(b).
2
Let x(n) = 2*n**2 + n**3 - n - 1 + 0*n - n. Let b be 20/60 + -1*(-70)/6. Suppose 7*h + b = h. Calculate x(h).
3
Let l(x) = x**3 - 15*x**2 + 30*x - 8. Let g be l(2). Let s(o) = o**3 + o**2 + 3. Determine s(g).
3
Let x(s) = 2*s + 32. Let l(f) = 3*f + 24. Let z(d) = 4*l(d) - 3*x(d). Give z(-3).
-18
Let j(v) = 2*v**3 - 11*v**2 + 3*v + 11. Let q be j(5). Let a be (q - -2)*-1 + (-5 - -3). Let z(n) = n**3 + 7*n**2 + 8*n + 7. What is z(a)?
17
Let i(f) = -4*f - 25. Let a(h) = 3*h + 22. Let y(v) = -5*a(v) - 4*i(v). Determine y(14).
4
Let g be (-8 + 11)/((-6)/(-14)). Suppose g - 19 = -4*f. Let j(i) = i**3 - 2*i**2 - 3*i. Determine j(f).
0
Suppose 5*s = -5*t - 30, 5*s - 8*t + 33 = -12*t. Let j(g) = g**2 + 8*g - 11. Calculate j(s).
-2
Suppose -92 = 15*o + 208. Let q(y) = y + 14. Determine q(o).
-6
Let i(v) = 4*v - 14*v - 3 - v**2 + 4*v. Let d(f) = -2*f + 12. Let z be d(11). Let k = 5 + z. Give i(k).
2
Let o = 29 + -21. Let g = -295 + 298. Suppose 7*b = g*b + o. Let i(m) = -2*m**3 + m**2 - m - 2. Calculate i(b).
-16
Let q(r) = -r - 2. Let x(a) = -a**2 - 3*a - 13. Le